ive q(-7).
-4
Let k(j) = j**2 + 18*j + 9. Determine k(-18).
9
Let s(c) = 6*c + 27. What is s(-7)?
-15
Let d(r) = -r**2 + 32*r + 108. Give d(-4).
-36
Let v(i) = -2*i**3 - i**2 - 8*i - 11. Determine v(-5).
254
Let d(p) = 6*p + 177. What is d(-32)?
-15
Let c(w) = w - 32. What is c(-19)?
-51
Let c(j) = -j**3 + j**2 - 4*j - 6. Calculate c(0).
-6
Let i(x) = -6*x**3 - 2*x**2 - 2*x - 3. Give i(-2).
41
Let g(h) = 4*h + 1. What is g(-10)?
-39
Let g(u) = u**3 + 6*u**2 - 3*u + 7. Calculate g(-7).
-21
Let p(d) = -d**3 + 10*d**2 - 10*d - 8. Determine p(9).
-17
Let n(w) = -w**2 - 13*w - 3. Determine n(-12).
9
Let b(a) = 20*a - 74. Give b(4).
6
Let s(k) = k**2 - k + 6. Calculate s(5).
26
Let r(u) = 2*u**2 - 20*u + 43. Calculate r(4).
-5
Let g(d) = -d**2 - 7*d + 12. Determine g(-9).
-6
Let b(c) = -c**2 - 10*c + 12. Determine b(-12).
-12
Let n(j) = 6*j - 5. Determine n(-5).
-35
Let q(u) = -69*u - 1029. Determine q(-15).
6
Let i(d) = -4*d + 6. What is i(3)?
-6
Let v(m) = -12*m + 902. Determine v(75).
2
Let w(t) = 2*t**2 + 12*t + 19. Give w(-4).
3
Let k(q) = -6*q - 46. Determine k(-7).
-4
Let p(k) = 3*k - 120. What is p(39)?
-3
Let i(j) = 4*j**3 + 4*j**2 - 9*j + 5. Determine i(1).
4
Let x(q) = 2*q**2 + 12*q + 9. Determine x(-5).
-1
Let k(f) = -f**3 + 17*f**2 - 13*f + 8. What is k(16)?
56
Let t(i) = i**3 + 11*i**2 + 10*i + 13. Calculate t(-10).
13
Let p(j) = 15*j - 4. What is p(9)?
131
Let m(h) = 2*h**2 + 16*h - 5. Calculate m(-12).
91
Let q(u) = 46*u + 143. What is q(-3)?
5
Let o(m) = m**3 - 4*m**2 - 4*m + 5. What is o(5)?
10
Let v(c) = c**2 - 8*c + 4. What is v(6)?
-8
Let w(b) = 14*b**2 - 4*b - 5. Give w(-2).
59
Let i(z) = 14*z + 5. Calculate i(4).
61
Let t(n) = -n**2 + 2*n + 6. Determine t(-3).
-9
Let i(y) = y**2 - 40*y + 50. Give i(39).
11
Let c(n) = -n**2 - 7*n - 4. Determine c(-5).
6
Let b(i) = -3*i + 2. Calculate b(2).
-4
Let i(t) = t**2 - 20*t - 13. What is i(22)?
31
Let c(g) = g**2 - 8*g + 6. What is c(5)?
-9
Let h(i) = -7*i + 16. Give h(12).
-68
Let c(z) = -z**3 + 5*z**2 - 7*z - 3. Give c(3).
-6
Let q(f) = 93*f + 563. What is q(-6)?
5
Let x(g) = -2*g + 12. Determine x(9).
-6
Let w(m) = -4*m**2 + 6. Determine w(5).
-94
Let x(f) = -f**2 - 17*f - 19. Determine x(-13).
33
Let a(v) = -v**3. What is a(2)?
-8
Let h(c) = 5*c. Give h(-4).
-20
Let a(r) = 4*r - 38. Determine a(11).
6
Let x(f) = 27*f + 139. Calculate x(-5).
4
Let k(f) = -f**3 + 3*f**2 + 2*f. What is k(4)?
-8
Let i(s) = -12*s + 122. Calculate i(10).
2
Let l(t) = 2*t**3 + 3*t**2 - 6*t - 5. Calculate l(-3).
-14
Let z(f) = -f**3 + f**2 - f + 3. What is z(0)?
3
Let c(u) = -2*u**3 + 20*u**2 - 31*u - 27. Determine c(8).
-19
Let v(i) = i**3 + 11*i**2 + 2*i + 27. Calculate v(-11).
5
Let x(c) = c**3 - 11*c**2 + 3*c + 39. Give x(10).
-31
Let m(j) = j**3 + 5*j**2 - 4*j + 7. What is m(-5)?
27
Let j(b) = -2*b**2 - 5*b - 2. Determine j(-3).
-5
Let y(f) = f**2. What is y(0)?
0
Let z(n) = -n**2 - 3*n + 3. What is z(-6)?
-15
Let o(n) = n**3 + 16*n**2 + 25*n - 45. Calculate o(-14).
-3
Let c(y) = 2*y**2 - y - 1. Determine c(0).
-1
Let o(l) = l**3 + 34*l**2 - 38*l - 87. Give o(-35).
18
Let s(f) = -f**2 + 6*f + 61. Give s(11).
6
Let y(g) = g**3 + 5*g**2 + 21*g + 70. Give y(-4).
2
Let a(o) = o**3 - 5*o**2 - 7*o + 12. Give a(6).
6
Let c(t) = -36*t + 61. Give c(2).
-11
Let c(x) = -x**3 - 8*x**2 + 8*x - 4. Give c(-9).
5
Let a(q) = 7*q + 194. What is a(-40)?
-86
Let p(k) = k + 23. What is p(0)?
23
Let a(l) = -l**3 + 19*l**2 + 43*l - 16. What is a(21)?
5
Let x(b) = -b**3 + 8*b**2 - 13*b + 2. Determine x(6).
-4
Let d(m) = m**2 + 8*m + 7. Calculate d(-6).
-5
Let u(k) = k**2 + 13*k + 5. What is u(-12)?
-7
Let a(r) = 5*r + 23. Give a(-5).
-2
Let s(y) = -26*y - 5. Calculate s(1).
-31
Let q(u) = -u**3 - u**2 - 7*u - 42. Give q(-3).
-3
Let v(l) = -l**3 - 16*l**2 - 29*l - 6. Calculate v(-14).
8
Let g(v) = -v**3 - 24*v**2 + 27*v - 8. What is g(-25)?
-58
Let y(n) = -2*n**2 + 12*n + 173. Calculate y(13).
-9
Let s(g) = g**2 + 21*g + 38. Give s(-19).
0
Let j(w) = w**3 - 8*w**2 - 8*w - 6. Give j(9).
3
Let s(j) = -j**3 + 9*j**2 - 7*j + 2. Give s(8).
10
Let x(t) = -t**3 + t**2 + 2*t + 30. Give x(0).
30
Let i(j) = j**2 - 5*j - 23. Determine i(7).
-9
Let u(t) = t - 8. Give u(-4).
-12
Let l(f) = f**3 + 24*f**2 + 22*f - 23. Calculate l(-23).
0
Let v(j) = 7*j**3 - 2*j**2 + j - 1. What is v(2)?
49
Let y(j) = 3*j - 3. What is y(2)?
3
Let t(d) = 43*d - 1. Calculate t(-1).
-44
Let m(c) = -c**3 - 44*c**2 - 46*c - 136. Calculate m(-43).
-7
Let t(g) = g + 40. Determine t(11).
51
Let c(m) = 4*m**2 - 2*m. Give c(-2).
20
Let u(d) = -8*d**3 + 3*d + 4. What is u(-1)?
9
Let d(b) = -b**2 - 8*b. Give d(-7).
7
Let i(h) = h**3 + 2*h**2 + 2*h - 7. Determine i(0).
-7
Let x(f) = 2*f - 24. What is x(25)?
26
Let m(u) = 2*u - 11. Calculate m(16).
21
Let x(u) = 3*u**3 + 13*u**2 + 8*u + 14. Give x(-5).
-76
Let n(c) = c + 1. What is n(-13)?
-12
Let l(u) = -2*u + 8. What is l(-3)?
14
Let u(p) = p - 14. Calculate u(30).
16
Let f(c) = 4*c + 1. Calculate f(2).
9
Let j(u) = u**2 - 7*u + 11. What is j(7)?
11
Let g(m) = 16*m - 8. Calculate g(3).
40
Let w(h) = 2*h + 13. Calculate w(-14).
-15
Let l(x) = -x**3 - 7*x**2 - 4*x - 23. Give l(-7).
5
Let w(l) = -l**3 + 6*l**2 - 7*l + 1. Give w(4).
5
Let m(x) = -x**2 - 2*x - 1. Determine m(-4).
-9
Let r(y) = -3*y**2 - 43*y - 33. Calculate r(-14).
-19
Let n(u) = -u**2 + 14*u - 7. Give n(6).
41
Let a(y) = -5*y - 19. Give a(-12).
41
Let w(f) = -f**2 - 6*f + 1. Give w(-6).
1
Let r(t) = -2*t**3 + 8*t**2 - 10*t + 3. What is r(2)?
-1
Let l(c) = -58*c + 222. Calculate l(4).
-10
Let c(z) = -z**3 + 12*z**2 + 16*z - 41. Calculate c(13).
-2
Let a(s) = s**3 - 5*s**2 + 9*s - 16. What is a(4)?
4
Let g(f) = -5*f + 3. Calculate g(6).
-27
Let r(x) = 13*x - 3. What is r(-4)?
-55
Let i(c) = -c**3 - 8*c**2 - 6*c. Determine i(-7).
-7
Let i(b) = -10*b - 18. What is i(-4)?
22
Let y(f) = -4*f - 54. Determine y(-23).
38
Let i(k) = 2*k**3 + 14*k**2 + 12*k - 4. Calculate i(-6).
-4
Let y(g) = 3*g**2 - 34*g - 5. Determine y(11).
-16
Let h(c) = 7*c - 227. What is h(34)?
11
Let o(t) = t**2 - t - 7. Determine o(7).
35
Let k(x) = -x**2 - 19*x - 29. Calculate k(-17).
5
Let t(k) = k**3 + 4*k**2 + 4*k + 4. Calculate t(-3).
1
Let r(v) = v**2 + 19*v + 2. Calculate r(-17).
-32
Let i(r) = -2*r**2 - 28*r + 65. Determine i(-16).
1
Let d(s) = s**2 + 8*s - 3. Determine d(-8).
-3
Let u(d) = -6*d**2 - 3*d - 3. Calculate u(-3).
-48
Let o(w) = w**2 - 11*w + 9. Calculate o(10).
-1
Let i(y) = 3*y + 16. Determine i(-5).
1
Let y(g) = 4*g - 42. Determine y(9).
-6
Let v(i) = -i**3 - 5*i**2 - 6*i - 2. Give v(-4).
6
Let r(z) = -z**3 + 8*z**2 + 7*z + 14. What is r(9)?
-4
Let j(p) = -11*p - 6. What is j(-4)?
38
Let i(t) = -t. Determine i(13).
-13
Let p(z) = -z**3 - 9*z**2 - 9*z - 5. Determine p(-8).
3
Let v(m) = 2*m - 33. Determine v(17).
1
Let h(d) = d**3 + 8*d**2 + 2*d + 2. Calculate h(-6).
62
Let d(z) = -z**3 - 5*z**2 + 8*z + 16. Calculate d(-6).
4
Let l(a) = 6*a - 11. Calculate l(8).
37
Let t(l) = -l - 19. What is t(-19)?
0
Let x(p) = 2*p**2 - 30*p - 34. Determine x(16).
-2
Let l(s) = -s + 9. Calculate l(-9).
18
Let l(n) = 2*n**2 - 26*n + 31. Give l(11).
-13
Let j(w) = w**3 + 3*w**2 - 2*w - 8. Calculate j(-2).
0
Let m(f) = -f**2 - 12*f + 9. What is m(-14)?
-19
Let o(k) = 16*k - 34. Give o(6).
62
Let n(a) = a**2 + a + 6. Determine n(4).
26
Let v(x) = -x**3 + 3*x**2 - 4. Calculate v(4).
-20
Let k(a) = a**2 - 19*a + 30. Give k(17).
-4
Let k(y) = 2*y - 27. Give k(12).
-3
Let u(v) = -4*v**2 + 56*v + 13. Determine u(14).
13
Let i(t) = -t**3 + 22*t**2 + t - 34. Determine i(22).
-12
Let v(j) = 3*j**2 + 3*j - 2. What is v(-3)?
16
Let t(o) = -o - 9. What is t(13)?
-22
Let r(j) = j**2 - 14*j - 8. Give r(15).
7
Let f(z) = z + 3. Calculate f(3).
6
Let o(a) = -2*a**3 + 47*a**2 - 66*a + 6. Calculate o(22).
6
Let m(g) = -2*g**3 + 68*g**2 - g. Determine m(34).
-34
Let q(j) = 2*j - 20. What is q(-11)?
-42
Let m(b) = -4*b**3 - 2*b**2 + 2*b + 2. Give m(-2).
22
Let s(r) = -r**3 - 3*r**2 + 5*r - 9. Give s(-5).
16
Let g(j) = -j**2 - 34*j - 120. Determine g(-29).
25
Let n(b) = 3*b**2 + 5*b - 22. Calculate n(3).
20
Let l(w) = -w**2 - 3*w + 15. Calculate l(-5).
5
Let f(n) = n**2 - 11*n + 28. Calculate f(12).
40
Let t(j) = -j**2 - j + 4. Determine t(-4).
-8
Let j(k) = -k**3 - 13*k**2 + 11*k + 2. Calculate j(-14).
4